
2
What is the tens digit of 656?
5
What is the tens digit of 284?
8
What is the thousands digit of 20652?
0
What is the hundreds digit of 16592?
5
What is the hundreds digit of 35086?
0
What is the ten thousands digit of 14040?
1
What is the thousands digit of 7346?
7
What is the tens digit of 109625?
2
What is the units digit of 732?
2
What is the units digit of 5892?
2
What is the hundreds digit of 606?
6
What is the tens digit of 1881?
8
What is the tens digit of 16618?
1
What is the units digit of 5894?
4
What is the units digit of 6078?
8
What is the ten thousands digit of 28573?
2
What is the units digit of 8459?
9
What is the units digit of 9353?
3
What is the thousands digit of 33234?
3
What is the units digit of 4468?
8
What is the hundreds digit of 832?
8
What is the thousands digit of 70243?
0
What is the thousands digit of 3096?
3
What is the hundreds digit of 100112?
1
What is the units digit of 12935?
5
What is the hundreds digit of 8932?
9
What is the hundreds digit of 50291?
2
What is the ten thousands digit of 10242?
1
What is the ten thousands digit of 22711?
2
What is the thousands digit of 11020?
1
What is the hundreds digit of 33941?
9
What is the tens digit of 129748?
4
What is the hundreds digit of 28616?
6
What is the thousands digit of 5592?
5
What is the units digit of 371?
1
What is the hundreds digit of 27538?
5
What is the units digit of 5730?
0
What is the thousands digit of 69332?
9
What is the hundreds digit of 912?
9
What is the tens digit of 896?
9
What is the thousands digit of 1149?
1
What is the hundreds digit of 24889?
8
What is the tens digit of 81565?
6
What is the hundreds digit of 1803?
8
What is the units digit of 47928?
8
What is the tens digit of 32016?
1
What is the tens digit of 45998?
9
What is the hundreds digit of 899?
8
What is the units digit of 2123?
3
What is the thousands digit of 13593?
3
What is the hundreds digit of 1466?
4
What is the units digit of 5207?
7
What is the tens digit of 16088?
8
What is the tens digit of 3858?
5
What is the thousands digit of 10024?
0
What is the tens digit of 82394?
9
What is the units digit of 4354?
4
What is the tens digit of 20955?
5
What is the ten thousands digit of 21600?
2
What is the hundreds digit of 14298?
2
What is the tens digit of 232?
3
What is the units digit of 900?
0
What is the tens digit of 810?
1
What is the tens digit of 1104?
0
What is the tens digit of 724?
2
What is the hundreds digit of 402?
4
What is the ten thousands digit of 45153?
4
What is the units digit of 5966?
6
What is the units digit of 29996?
6
What is the hundreds digit of 15958?
9
What is the units digit of 22194?
4
What is the tens digit of 17182?
8
What is the hundreds digit of 14111?
1
What is the units digit of 794?
4
What is the ten thousands digit of 17571?
1
What is the tens digit of 9310?
1
What is the tens digit of 2145?
4
What is the hundreds digit of 981?
9
What is the tens digit of 514?
1
What is the thousands digit of 112350?
2
What is the tens digit of 1143?
4
What is the tens digit of 1001?
0
What is the units digit of 79791?
1
What is the hundreds digit of 19917?
9
What is the units digit of 25023?
3
What is the thousands digit of 6954?
6
What is the hundreds digit of 23967?
9
What is the tens digit of 540?
4
What is the hundreds digit of 294?
2
What is the thousands digit of 1433?
1
What is the hundreds digit of 2880?
8
What is the units digit of 1104?
4
What is the tens digit of 9142?
4
What is the units digit of 1078?
8
What is the units digit of 11015?
5
What is the hundreds digit of 6680?
6
What is the hundreds digit of 509?
5
What is the hundreds digit of 129?
1
What is the thousands digit of 59539?
9
What is the hundreds digit of 1087?
0
What is the hundreds digit of 444?
4
What is the thousands digit of 4620?
4
What is the hundreds digit of 1404?
4
What is the ten thousands digit of 41166?
4
What is the tens digit of 2231?
3
What is the tens digit of 20020?
2
What is the units digit of 4845?
5
What is the units digit of 1164?
4
What is the hundreds digit of 7918?
9
What is the tens digit of 989?
8
What is the hundreds digit of 2898?
8
What is the tens digit of 6230?
3
What is the tens digit of 44977?
7
What is the tens digit of 4349?
4
What is the thousands digit of 6945?
6
What is the units digit of 62724?
4
What is the hundreds digit of 47200?
2
What is the units digit of 10270?
0
What is the units digit of 9438?
8
What is the thousands digit of 79606?
9
What is the units digit of 8538?
8
What is the hundreds digit of 27120?
1
What is the units digit of 64859?
9
What is the units digit of 6427?
7
What is the tens digit of 1067?
6
What is the hundreds digit of 3802?
8
What is the thousands digit of 2088?
2
What is the units digit of 470?
0
What is the tens digit of 56322?
2
What is the units digit of 263?
3
What is the thousands digit of 2704?
2
What is the hundreds digit of 48118?
1
What is the units digit of 5142?
2
What is the hundreds digit of 6422?
4
What is the hundreds digit of 6077?
0
What is the tens digit of 1193?
9
What is the hundreds digit of 3777?
7
What is the tens digit of 1052?
5
What is the hundreds digit of 38411?
4
What is the tens digit of 8263?
6
What is the thousands digit of 5078?
5
What is the hundreds digit of 4316?
3
What is the thousands digit of 5143?
5
What is the hundreds digit of 17207?
2
What is the thousands digit of 132980?
2
What is the ten thousands digit of 12397?
1
What is the tens digit of 3904?
0
What is the tens digit of 3468?
6
What is the thousands digit of 148582?
8
What is the hundreds digit of 256?
2
What is the units digit of 791?
1
What is the tens digit of 729?
2
What is the tens digit of 1071?
7
What is the units digit of 289?
9
What is the hundred thousands digit of 135797?
1
What is the hundreds digit of 159028?
0
What is the units digit of 11423?
3
What is the units digit of 86?
6
What is the hundreds digit of 61554?
5
What is the hundreds digit of 3108?
1
What is the hundreds digit of 12021?
0
What is the thousands digit of 1129?
1
What is the thousands digit of 14178?
4
What is the units digit of 1247?
7
What is the ten thousands digit of 36094?
3
What is the hundreds digit of 660?
6
What is the hundreds digit of 1025?
0
What is the units digit of 2872?
2
What is the thousands digit of 47230?
7
What is the ten thousands digit of 38764?
3
What is the tens digit of 776?
7
What is the units digit of 216?
6
What is the tens digit of 37178?
7
What is the units digit of 17732?
2
What is the thousands digit of 132172?
2
What is the tens digit of 3097?
9
What is the tens digit of 2028?
2
What is the hundreds digit of 5671?
6
What is the thousands digit of 2616?
2
What is the units digit of 51060?
0
What is the units digit of 2081?
1
What is the tens digit of 3451?
5
What is the hundreds digit of 33439?
4
What is the units digit of 135771?
1
What is the thousands digit of 17139?
7
What is the units digit of 2748?
8
What is the hundreds digit of 278?
2
What is the hundreds digit of 6123?
1
What is the hundreds digit of 1165?
1
What is the tens digit of 375?
7
What is the hundreds digit of 5502?
5
What is the hundred thousands digit of 121778?
1
What is the tens digit of 4092?
9
What is the thousands digit of 2032?
2
What is the tens digit of 1089?
8
What is the hundreds digit of 11562?
5
What is the hundreds digit of 15855?
8
What is the thousands digit of 42500?
2
What is the tens digit of 1038?
3
What is the units digit of 1911?
1
What is the hundreds digit of 7635?
6
What is the units digit of 608?
8
What is the tens digit of 4165?
6
What is the units digit of 4441?
1
What is the ten thousands digit of 87902?
8
What is the units digit of 13041?
1
What is the hundreds digit of 7913?
9
What is the tens digit of 23714?
1
What is the thousands digit of 2977?
2
What is the thousands digit of 29553?
9
What is the hundreds digit of 414?
4
What is the tens digit of 7864?
6
What is the ten thousands digit of 12893?
1
What is the tens digit of 16734?
3
What is the tens digit of 6291?
9
What is the tens digit of 122754?
5
What is the units digit of 250?
0
What is the ten thousands digit of 60564?
6
What is the tens digit of 601?
0
What is the tens digit of 3881?
8
What is the units digit of 57643?
3